 + 8 - ((4 + -6 - -5) + -30)
20
4 - 1 - (-5 + 1 + -3 + 5)
5
(11 - -1 - 19) + 17
10
Evaluate -11 + (10 + 6 - 9) - (-6 - 2).
4
What is the value of 5 + (-3 - (6 - -9 - 2)) + 5?
-6
What is (0 - (11 + -5 + -4)) + (-33 - -8)?
-27
What is 2 + (16 - 8) - 12?
-2
Evaluate -3 + 1 + (-10 + 9 - 5).
-8
Calculate -7 + (-11 - (-18 + 16)).
-16
Evaluate 16 + (31 - 18) + -22.
7
(-4 - -1 - 4 - -13) + -7 - -4
3
Calculate -14 + (3 - (14 + -8 - 5)).
-12
What is the value of (-29 - (-19 + 10)) + 1 + 9?
-10
What is the value of 31 + 10 + 0 + -30 + 10?
21
What is the value of 3 - (-12 - (32 + -23))?
24
-7 + (5 + -1 - (-41 - (-30 - -11)))
19
Calculate (-6 + 2 - 21) + 27.
2
Evaluate -281 + 254 + (0 - -14).
-13
Calculate -12 + (-14 - (-29 + 6)) + -14.
-17
-91 + 110 + -3 + (1 - -3)
20
What is the value of 0 + -2 + 1 + (152 - 152)?
-1
(0 - 2) + 3 + -506 + 496 + -16
-25
(-750 - -729) + (11 - -1)
-9
What is the value of (3 + -4 - -6) + 3 + -8?
0
What is -1 + (6 - 0) - (-2162 + 2164)?
3
What is -29 - (0 + (3 - 23))?
-9
What is the value of -15 - (34 - 20 - 23)?
-6
What is the value of 6 + (7 + 8 - 10) + -13?
-2
What is -19 + (9 - -1) + 27 + -10?
8
What is the value of 7 - 4 - (0 - -1) - (-45 - -53)?
-6
(11 - 1) + (3 - (-1 + 9 + 1))
4
What is the value of -7 - (24 + -18 + (3 - 2) + -5)?
-9
Calculate (-206 - -238) + -2 + -8 - -20.
42
Evaluate (8 - 6 - (6 + -1)) + -32 + 24.
-11
Evaluate -4 + (-5 - -4 - -1) - (-1 - 7).
4
What is the value of -2 + 2 + -15 - -23?
8
What is the value of 14 - (43 - (4 - -24))?
-1
What is (-1 - (-1 + 3)) + 6 - 10?
-7
Evaluate 20 + 20 + -12 + -12.
16
(0 + -4 - (7 - 1)) + (-12 - 2)
-24
What is the value of 13 - (-9 + (11 - -7))?
4
What is 14 - (-12 + (-4 - ((0 - -2) + -13)))?
19
Evaluate 4 + 0 + (-16 - (8 - 11)) - -7.
-2
What is the value of 7 + 17 - 28 - (2 + -7)?
1
Evaluate 50 + (-46 - -1) + 1 + 0 + 1.
7
What is -461 + 460 + (2 - -5)?
6
Calculate -5 - -4 - -3 - (7 + 5 + -3).
-7
What is the value of -17 + (23 - -9 - 36)?
-21
What is -2 - (-18 + (-7 - (2 + -4)) + 3)?
18
What is the value of -4 + 5 + -14 + 2?
-11
What is (-7 - 7 - -7) + 6 + 3 - -5?
7
Calculate -1 - -8 - (-2 - -12) - (1 - -10).
-14
1 + 0 - (2 - -1) - (1484 + -1499)
13
What is the value of -6 + (-1 - 4) + 19 + 4?
12
What is 16 + -23 + 16 + -16?
-7
Evaluate -20 - -8 - (-42 + (2 - -9)).
19
Calculate 2 + -22 + 27 - 4.
3
49 + -36 + (4 - (31 + 4))
-18
Evaluate -7 - (2 + 9 - (8 - 3)).
-13
What is -9 + (20 + -16 - 4)?
-9
696 + -708 + 14 + (1 - 2)
1
What is the value of 29 - (54 - 12) - 2?
-15
(-40 - -47 - -59) + -38
28
What is the value of (-15 - -22 - 18) + 18?
7
Calculate -24 + (0 - (2 + -1)) + 766 + -758.
-17
Calculate (2 - (2 + 2)) + (-2 - -4) - -9.
9
What is the value of -30 + 6 - (-7 - (5 - 4))?
-16
Calculate 1 + -4 - (11 - 11 - (-4 + -2)).
-9
What is the value of -3 - (-16 - (1 - 8)) - 7?
-1
Calculate 36 + -6 - (-90 + 112).
8
What is the value of (9 - (9 + 8)) + 7 + (-33 - -8)?
-26
Calculate (-51 - -42) + (1 + -1 - (6 + -3)).
-12
What is the value of 2 + 0 + 6 + -15 + 27?
20
-12 + 17 - (-23 - -5 - 1)
24
Calculate (-30 + 6 - -19) + (0 - 17).
-22
What is (4 - 1) + 15 + 2 + -19?
1
Calculate (130 - 126) + (-2 - 1 - -1).
2
Calculate (-2 - -3 - (3 + 3)) + 4 + -4.
-5
Evaluate 0 + 9 + -14 + (-8 - (8 - 24)).
3
0 + 0 - ((15 + 0 - 15) + 9)
-9
What is (-1 - (-4 - 12)) + -11 + 1?
5
What is the value of -15 - (-16 - (-13 - (-17 - -2)))?
3
(-1 - 21) + (-148 - -161)
-9
(-147 + 146 - (1 + -8)) + -22
-16
Calculate ((7 - -7) + -2 - -5) + 14 + -23.
8
What is 17 - ((-5 - -15) + 1)?
6
Calculate (0 - 0 - (17 - (3 + 9))) + -6.
-11
(-5 - (3 + -4)) + -1 - -3 - 3
-5
Calculate (-7 - -1) + (11 - (4 + -8)).
9
Evaluate 12 - (15 + -7) - (0 - -21) - 1.
-18
What is 2 + -2 + 7 + (-54 + 40 - -2)?
-5
Evaluate -2 + 20 + 1 - (6 + -11 - -1).
23
What is the value of -26 - ((-14 - -16) + -18)?
-10
Evaluate 5 + (12 - (24 - 3 - 4)).
0
What is the value of -1 - 2 - -2 - (4 - (4 - 11))?
-12
Evaluate (-68 - -72) + -6 + 5 + (5 - -1).
9
10 + 7 + -10 + -8 + -4 + -26
-31
What is the value of -29 + (-14 - 0) + 49?
6
Calculate -7 + -2 - (87 - 87).
-9
Evaluate (-4 - (-9 - 2)) + 33 + -40.
0
What is -7 + 10 + -6 + 5 + 8?
10
Evaluate 1 + -6 - (-2 + (-11 - -13)).
-5
Evaluate (-4 - -8) + (-15 - -3 - -3).
-5
What is (2 - (21 + -36)) + -22?
-5
What is the value of 22 + (-50 - -18) + (1 + -2 - -8)?
-3
Calculate -11 + 14 + 11 + -44.
-30
Calculate -6 + (-3 - (0 - -2) - (22 + -24)).
-9
What is the value of 26 + (-6 - (-9 + 8) - 3)?
18
-37 + 5 - -74 - 6
36
What is (-170 - -220) + -37 + 3?
16
Evaluate 3 + -14 - -12 - -31 - 6.
26
-5 + (5 + 8 - -1)
9
7 + -13 + -3 - -20
11
What is the value of ((-2 - -11) + -34 - -5) + 2?
-18
What is the value of 3 - (-5 + 21) - (-12 - -7) - 22?
-30
What is (-6 + 2 - -2 - -9) + (-79 - -87)?
15
Evaluate 14 - (19 + -15) - -6.
16
-14 - (-8 + (10 - (10 + 1)))
-5
What is the value of -7 - -3 - (-5 + (-6 - 0 - -13))?
-6
Evaluate -25 + -1 + (27 - -9).
10
What is 12 + (-1 - (1 - 8) - (-144 - -144))?
18
8 - (41 + -3 + -8 - -4)
-26
Evaluate 4 - (-9 + 9 + -5 - -13).
-4
What is the value of -31 + (24 - 2) + (-4 - 0)?
-13
-21 + 72 + -26 + (-1 - (-1 - 1))
26
What is the value of 20 + (18 - 35) + (1 + -8 - 1)?
-5
(-29 - -16 - 4) + 17
0
Evaluate -3 + (-20 - 18 - -38).
-3
What is 5 + -17 + 5 + (7 - 6)?
-6
What is -20 - -24 - (-2 - 6)?
12
4 - 2 - (242 - 230)
-10
Calculate 10 - (-12 + 7) - (-5 + (8 - 2)).
14
What is the value of 20 + -20 + -3 + (0 - (-1 - 10))?
8
-3 - -24 - (-3 + 17)
7
What is 10 - (-8 - (-4 + -7 + 0))?
7
Evaluate 20 - (-10 + -4 - 8 - -12).
30
Calculate -13 - (12 + -13 + 5 - 22).
5
What is (-15 - -14) + 8 + -1 - (5 - 0)?
1
Evaluate 0 - (20 + (-64 - -54) + 5 + -1).
-14
5 - (-11 + 16 - 12) - (2 - 9)
19
What is the value of 2 + (5 - 6) + -6 + 10 - 12?
-7
(-14 - -52) + -15 - (9 + 4)
10
What is the value of 3 + -1 + 7 + 1?
10
What is the value of 18 + -17 - (4 - (2 + 3 + -2))?
0
44 + -22 - 20 - (-1 + 9)
-6
Calculate 8 - 4 - 1 - (-4 - 2).
9
Calculate (3 - (-15 - -2) - (0 + -1)) + -5.
12
What is the value of 4 - ((3 - (-5 + 16)) + 23)?
-11
What is (8 + 9 - -16) + -26?
7
Calculate -3 + (7 - 5) + (-2 - -1).
-2
What is (33 - 1 - (70 + -67)) + -4 - -2?
27
Evaluate 12 - (9 + -11 + -11 - -13).
12
Evaluate -39 + -11 + 27 - -10.
-13
Calculate -7 - ((0 - (11 - 10)) + -9).
3
What is 3 + (-15 - (-4 - 0))?
-8
What is the value of (-9 - -1) + (53 - 63) + 8?
-10
(0 - -12) + (0 + 9 - (19 - 9))
11
-23 - (-11 - (-12 - -5))
-19
What is the value of 0 + -5 - (-112 + 111)?
-4
What is the value of -4 + 9 + (-7 - (18 + -10)) + 11?
1
Evaluate (1 + 1 - (-8 + 14 + 0)) + 5.
1
Evaluate 20 + -2 - (-14 - (-39 - -20)).
13
What is the value of -1 + -2 + 3 + 2 + -32 + 33?
3
What is the value of -8 + 12 + (-4 - 1 - -2) - -2?
3
Evaluate 19 + -3 - (63 + -33 - 18).
4
(13 + -1 - -10) + -11
11
Calculate -11 + (1 - 1) + -2 + 35.
22
(2 - (1 + 0)) + (46 - 44)
3
Evaluate 0 + (6 - 11) + 9 + -6 + 5.
3
What is (-5 - -13 - 5) + 9?
12
What is the value of 7 - (-14 + 5) - 34?
-18
Calculate (-49 - -15) + (7 - (-9 + 7 + 5)).
-30
1 - 4 - (-10 - (13 + -16))
4
What is the value of -11 + -13 - (-34 + 1)?
9
Evaluate 27 + 8 - (-15 + 19).
31
3 + (10 - (-4 - (3 + -6))) + -2
12
Evaluate -5 + (0 - -4) + -3 + -17 + 4.
-17
Calculate -40 + 33 - (14 + 6 + 2 - -6).
-35
What is the value of 3 + -9 - 1 - ((3 - -4) + -9)?
-5
What is the value of (-1 - (15 - (-2 + 13))) + -18?
-23
What is -559 - -563 - (1 + (1 - 2) - -3)?
1
What is the value of -22 + (53 - -14 - 39)?
6
64 - 51 - (12 + 1)
0
What is -126 + 130 + (-1 - 1 - 1) + 18?
19
Calculate 2 - 25 - -11 - (-17 - 1).
6
What is the value of (1 - 0) + (1 - 9) + -126 + 138?
5
What is the value of -26 - (-26 + 23 + -16)?
-7
What is 94 - 115 - (-1 + -9)?
-11
-2 + 5 + 8 + -27
-16
Calculate (-15 - 49 - -28) + 39.
3
40 + (13 - 23) + -15 + 9
24
What is (4 - ((4 - 11) + 17)) + 7?
1
Evaluate -14 - (-18 - (-2 - 6)) - (-11 + -1).
8
11 - (-11 + -5 + 17)
10
-1 + (3 - -1) + -23 - (144 + -143)
-21
Calculate -9 + 21 + -9 - (3 + 0).
0
What is the value of -3 + (21 - 12) + (-1 - -2)?
7
What is the value of -2 + 2 + 14 + -26 + 28?
16
What is 11 + -24 + 9 - -6?
2
Calculate (-22 - 2) + -375 + 419.
20
Evaluate 4 + -17 + (-12 - -32).
7
Calculate 265 + -255 - (48 + 1 + -2).
-37
Evaluate (-1 - 2) + (-23 - -16) - (1 + 4).
-15
(9 - (0 - (6 - 10))) + (1 - 30)
-24
What is the 